) = 2*u**3 - 11*u**2 + 5*u - 14. Let g(d) = 5*d**2 - 4*d - 2. Let b be g(2). List the prime factors of v(b).
2, 3, 13
Let q(r) = 13*r**2 - 3*r - 3. Let a be q(-1). Suppose 0 = a*b - 19*b + 942. List the prime factors of b.
157
Let i(q) = q**3 - 5*q**2 - 7*q + 8. Let f be i(6). Let x be 1/f*-6 - -6 - 3. Suppose 0 = 5*o + 4*c - 872, x*c = c - 3. What are the prime factors of o?
2, 43
Let v be ((-13)/(-4))/(189/36 - 5). Let a(x) = x**3 - 12*x**2 + 15*x + 9. What are the prime factors of a(v)?
373
Let c = -11780 + 24249. List the prime factors of c.
37, 337
Let d(p) = 1082*p - 2798. What are the prime factors of d(8)?
2, 29, 101
Let y = 94 + -94. Suppose y = -146*h + 141*h + 125. List the prime factors of h.
5
Let j(h) = h**3 - 10*h**2 + 6. Let o be (-45)/(-3)*(-4)/(-6). Let r be j(o). Let i(m) = 4*m**2 - 5*m - 11. List the prime factors of i(r).
103
Let v(u) = -u**3 - 23*u**2 + u - 48. Let m(o) = o**3 + 22*o**2 - o + 49. Let a(d) = 6*m(d) + 5*v(d). What are the prime factors of a(-17)?
71
Let g(u) = 4036*u - 20599. What are the prime factors of g(20)?
59, 1019
Let n(w) = -w**3 + 11*w**2 - 19*w - 10. Let d be n(9). Let j(b) = -b**3 - 16*b**2 + 47*b + 19. List the prime factors of j(d).
11, 19
Let r(g) be the third derivative of 11*g**4/12 + 11*g**3/6 + 2*g**2 + g. Let o(x) = -x**2 + 8*x - 7. Let u be o(6). List the prime factors of r(u).
11
Let i = -118 + 126. Suppose 3*y - m - 1336 = 0, -3*y + 6*m = i*m - 1333. Suppose 149 = j + 5*w, -y = -2*j + w - 136. List the prime factors of j.
2, 7, 11
Let n(k) be the third derivative of -k**6/120 - 19*k**5/60 - 5*k**4/6 + 6*k**3 + 39*k**2 + 2*k. What are the prime factors of n(-20)?
2, 11, 19
Let n(q) = -4*q - 27. Let p be ((-18)/18)/((-1)/(-9)). What are the prime factors of n(p)?
3
Suppose -5*l = 25, l + 2*l = -2*j + 33. Let y be (1 - -4)*(-5)/((-50)/j). What are the prime factors of 96/(2 - 15/y)?
2
Suppose -6*d + 11 = -79. Suppose 6*v + d*v = 3087. List the prime factors of v.
3, 7
Suppose 0*y - 2*x = -5*y + 83976, y - x = 16794. What are the prime factors of y?
2, 13, 17, 19
Let x(r) = -621*r - 1273. List the prime factors of x(-74).
7, 13, 491
Let g(j) = 33*j**2 - 18*j + 68. What are the prime factors of g(-9)?
2903
Let d(h) be the first derivative of 0*h**2 + 17*h + 7 + 1/3*h**3. What are the prime factors of d(7)?
2, 3, 11
Suppose -9*m - 792 = -11*m. Let h = 751 - m. Suppose 0 = -5*f + 5*o + h, 3*f - 2*o - 209 = 2*o. What are the prime factors of f?
3, 5
Let u = 3237 - 2546. List the prime factors of u.
691
Let d(y) = 7*y**3 - 4*y**2 + y + 3. Let h be d(2). What are the prime factors of 3/(h/6) - (-1329)/15?
89
Let o(s) = 2*s**3 + 8*s**2 - 10*s + 8. Let y be o(-5). Let n = 200 + y. What are the prime factors of n?
2, 13
What are the prime factors of (565/(-1))/(-16 - 217/(-14))?
2, 5, 113
Let a = 517 + -526. What are the prime factors of ((-46494)/a)/7 + 4?
2, 7, 53
Suppose -10 - 4 = -2*x. Suppose 2*l = 2*n - 38, 2*l + 8 = 2*n + 6*l. List the prime factors of 62/8*(n + x + -1).
5, 31
Suppose 123*x - 114*x - 81342 = 0. List the prime factors of x.
2, 4519
Let v be (-8)/2 - 10/20*-8. Suppose v*w - w = -287. What are the prime factors of w?
7, 41
Let x(b) = -153*b - 74. Let y be x(-11). Let a = y + -716. List the prime factors of a.
19, 47
Let u(z) = z**3 + 20*z**2 + 17*z - 32. Let r(c) = -13*c + 39. Let o be r(7). Let g = o + 33. List the prime factors of u(g).
2, 3
Let r(o) be the second derivative of 0 + 1/2*o**2 + 1/20*o**5 + 7/6*o**4 - o**3 - 15*o. List the prime factors of r(-14).
5, 17
Let k(q) = 12*q - 15*q**2 - 4*q - 17*q + 7*q - q**3 - 27. Let n be k(-15). Suppose -n*b + 5*b = 528. What are the prime factors of b?
2, 3, 11
Let s(b) = 1586*b + 6071. What are the prime factors of s(6)?
11, 13, 109
What are the prime factors of (9 + 8 - 15)/(-2 + 7990/3994)?
2, 1997
Let k(p) be the second derivative of p**4/6 - p**3/3 - 19*p**2/2 + 2*p. List the prime factors of k(-5).
41
Suppose 5*t - 54174 = -3*v, 99294 = 4*v - 5*t + 27132. List the prime factors of v.
2, 3, 47
Suppose 5*v - 4*r = 36056, -3*v - 5*r - 1932 + 23536 = 0. What are the prime factors of v?
2, 17, 53
Let g be (-317)/(-9) - -2*9/(-81). Suppose -2*i - 20 = -5*w, 5*w - 5*i + 0*i = g. Suppose w*r - 88 = 92. List the prime factors of r.
2, 3, 5
Let x be ((-7)/(63/18))/(4/6). What are the prime factors of (-2 + 3)/(x/(-2148))?
2, 179
Let k(o) be the first derivative of 7*o**3/3 - 177*o**2/2 - 31*o - 270. What are the prime factors of k(29)?
3, 241
Let u(z) = 7*z**2 - 521*z - 648. What are the prime factors of u(-70)?
2, 3, 13, 29, 31
Let s = -33 + 39. Let q be (-24864)/160 - s/10. Let j = 433 + q. List the prime factors of j.
277
Let b(n) = n**2 + 4*n + 7. Let q be b(-6). Let x(f) = -43*f + 390. Let p be x(9). Suppose 2*r + p = q. What are the prime factors of r?
2
List the prime factors of (5 + (15 - 22))/(12/(-78018)).
13003
Let u = -68 + 73. Suppose u*y + 490 = -5*d - 0*d, 0 = 2*y - 5*d + 175. Let w = y - -210. List the prime factors of w.
5, 23
What are the prime factors of (-4028)/(-2)*(-3)/(-66)*11?
19, 53
Let a be -2*2/(-14) + (-13608)/294. Let c = 164 + a. Let l = 39 + c. List the prime factors of l.
157
Suppose -7*c - 49 = -91. Suppose -l = s - c, -s - 14 = -2*l - 2*l. Suppose -13 = -5*y + s*f + 2, 0 = 2*y - 3*f + 5. What are the prime factors of y?
5
Let o = -18267 - -43099. List the prime factors of o.
2, 97
Let y(w) = w**3 + 53*w**2 - 64*w - 195. What are the prime factors of y(-53)?
23, 139
Suppose 4*v + 2*y = 24 - 6, 2*y - 6 = -v. Let x be 10*v*4/32. Suppose 4*g - 312 = -x*n, 0*g - 2*g + 138 = -2*n. What are the prime factors of g?
73
Let p(x) = -152*x + 152*x + 54*x**2 - 4 + 1. Let m be p(3). Suppose 616 = 4*n + 2*f, 2*n - m = -5*f - 167. What are the prime factors of n?
3, 17
Let l = 186 + -394. Let j be 4/10 + l/(-80). Suppose -j*y = w - 2*y - 20, 4*w + 5*y = 79. List the prime factors of w.
3, 7
Suppose 15*i - 5*v = 17*i - 85, 3*i - 120 = -5*v. Suppose -1500 = 29*q - i*q. List the prime factors of q.
2, 5
Suppose -4*v - 5558 = 10*v. Let z = 590 + v. What are the prime factors of z?
193
Suppose 2*z + 4 = 0, -2818 = -3*y - 3*z + 2*z. Suppose -o = 5*o - 18. What are the prime factors of (y/(-6))/(-5)*o?
2, 47
Suppose z + 14 - 30 = 0. Suppose -6*j - 283 = -q - 3*j, 0 = 4*j - z. List the prime factors of q.
5, 59
Let b = 98 - 98. Suppose b = -3*v - 3*v + 144. Suppose v*p - 3876 = 7*p. What are the prime factors of p?
2, 3, 19
Let l(u) = -22*u**3 + 2*u**2 - 5*u - 6. What are the prime factors of l(-2)?
2, 47
Let y = 137 + -76. Suppose -18580 = -75*j - 4105. Suppose -4*i = y - j. List the prime factors of i.
3, 11
Suppose -87*l + 82*l = 3*u - 6180, 4116 = 2*u + 4*l. List the prime factors of u.
2, 3, 5, 23
Let k(y) = 28*y - 66. Suppose -3*z + 24*z - 84 = 0. What are the prime factors of k(z)?
2, 23
Let r = 86 + -43. Suppose 0 = -42*y + r*y. Suppose -9*l + l + 1448 = y. What are the prime factors of l?
181
Suppose -31 = -3*k + 4*n - 10, 5*k - 35 = 2*n. Let t(g) = 2*g**2 + 12*g - 61. What are the prime factors of t(k)?
11
Let t(j) = 22*j + 202. Let o be t(-9). Suppose -o*s - 20*q + 1842 = -19*q, q = 3*s - 1378. List the prime factors of s.
2, 5, 23
Suppose 1062 = 3*k - 6*k. Let m = -511 - k. Let t = m - -282. What are the prime factors of t?
5
Let g(n) = -n**3 - 4*n**2 - 8*n - 5. Suppose 0 = 12*k + 169 + 275. Let b = -42 - k. What are the prime factors of g(b)?
2, 3, 5
Suppose -4*w + 95595 = -22529. What are the prime factors of w?
29531
List the prime factors of 2385100/21045*(0 + (-217)/(-5) - -1).
2, 17, 37
Let l = -1459 + 237. Let m = l + 2019. What are the prime factors of m?
797
Suppose b - 28 + 25 = 0. Suppose -1146 = -5*v - w, -5*v = b*w - 888 - 260. What are the prime factors of v?
229
Suppose 7 = -l, 2*h - 5*l - 36000 - 8467 = 0. What are the prime factors of h?
2, 2777
Suppose -5*z = 2*b - 58156, 11*z + 4*b + 58198 = 16*z. List the prime factors of z.
2, 3, 7, 277
Suppose -29436 = -19*f + 8108. List the prime factors of f.
2, 13, 19
Let s(a) = -4*a**3 + 170*a**2 - 7*a - 5. What are the prime factors of s(9)?
2, 5393
Suppose 99*v = 115*v - 40672. What are the prime factors of v?
2, 31, 41
Suppose -156 = -3*x - u - u, 5*x - 4*u = 238. Suppose -f = -6*f - x. What are the prime factors of (((-462)/(-35))/(-3))/(1/f)?
